he units digit of 32/(-2)*z/(-2)?
8
Let r = -18 + 27. What is the units digit of r?
9
Let t = -51 - -105. What is the units digit of t?
4
Let l(q) = 21 - 12 + q - 10. What is the units digit of l(4)?
3
Let n be (4 + -1)/(1/1). Suppose n*t + 4*o = 2*t - 15, t + 3*o = -11. Suppose -t = -2*s + 19. What is the tens digit of s?
1
Let n(s) = 10 + 2*s - s + s**3 + 0. Let l = 20 - 20. What is the tens digit of n(l)?
1
What is the tens digit of 103/4 + (-1)/(-4)?
2
Let v(i) = -4*i + 12. Let a be v(7). Let l = 26 - a. What is the tens digit of l?
4
Let b(p) = -p - 1. Let w(q) = 2*q**2 + 13*q - 2. Let k(u) = 3*b(u) + w(u). What is the tens digit of k(-8)?
4
Let c(l) = -l**3 + 12 + l - 3 - 2*l - 3*l - 7*l**2. What is the units digit of c(-7)?
7
Suppose 20*w + 234 = 23*w. What is the tens digit of w?
7
Let n(x) = -x. Let i be n(-2). Suppose i*v - 4*v + 14 = 2*u, 2*u = -3*v + 18. What is the units digit of v?
4
Suppose -4*f + 0*f = 0. What is the tens digit of 11 - (3 + -6 - f)?
1
Let i(v) = -v**2 - 12*v + 12. Let f be i(-10). Suppose -4*p - 12 = -f. Suppose -1 = -2*d + p*y, d + 3*d - 7 = 5*y. What is the units digit of d?
3
Suppose 0 = -4*x + 3*x + 52. What is the tens digit of x?
5
Let f(s) be the first derivative of s**2/2 + 2*s + 1. Let a be (4/(-10))/(1/(-15)). What is the units digit of f(a)?
8
Suppose -5*s + 2*q + 3 - 13 = 0, 0 = 3*s - q + 5. Suppose u + 3*u = s. Suppose d - 22 = -5*j, -d + u*j = -4*j - 4. What is the tens digit of d?
1
Suppose -2*p + 16 = 2*p. Let y(n) = n**3 - 5*n**2 + 6*n - 1. What is the units digit of y(p)?
7
Let f(l) be the first derivative of -l**3/6 + 5*l**2 - 4*l - 2. Let b(y) be the first derivative of f(y). What is the units digit of b(9)?
1
Suppose 4*g = 162 + 174. What is the units digit of g?
4
Let k(o) = 2*o**2 - 8*o - 13. Let q(i) = i**2 - 4*i - 6. Let g(x) = -4*k(x) + 9*q(x). Let j be g(5). Let r = 5 - j. What is the units digit of r?
2
Let z be (3/(-3))/(1/(-4)). Let d(w) = 4*w - 5. What is the units digit of d(z)?
1
Let c be -5 + 4 + (-6)/(-1). Let a(y) = -y**3 + 7*y**2 - 8*y + 6. What is the units digit of a(c)?
6
Suppose -18 = m + 2*m - d, 5*d + 43 = -4*m. Let t(v) = v**2 + 6*v + 2. What is the units digit of t(m)?
9
What is the units digit of 68*(0 + 0 - -2)?
6
Suppose -6*d + 10*d - 64 = 0. What is the units digit of d?
6
Let b be 4/6*(-75)/(-10). Suppose -b*s - 2 = -5*x + 2*x, 5*s = x + 6. Let z = 14 - x. What is the units digit of z?
0
Let y = -172 - -242. What is the units digit of y?
0
Let t(y) = y**2 - y + 9. Let o = -3 - -5. Suppose 0 = d + o*d. What is the units digit of t(d)?
9
Let i = -21 - -26. Suppose 4*f - 140 = -5*d, 140 = i*d + 3*f - 0*f. What is the units digit of d?
8
Let j(l) = l**3 + 9*l**2 + 8*l + 3. What is the tens digit of j(-7)?
4
Suppose -35 = c - 2*c. What is the tens digit of c?
3
Let u(r) = -r**3 + 5*r**2 + 6*r + 3. Let i be ((-2)/(-6))/((-3)/(-54)). What is the units digit of u(i)?
3
Let y(m) be the first derivative of -m**3/3 - 5*m**2/2 + 3*m - 1. Let a be y(-5). Suppose a*d = l + 7, -14 + 2 = l - 4*d. What is the units digit of l?
8
Suppose y + 0*y - 10 = 0. Suppose 5*t - 6 = z, -t = -4*t - z + y. Suppose -4*l + t*l = -36. What is the tens digit of l?
1
Let c = 2 + -2. Suppose 0*d + 3*s = d - 36, d + s - 20 = c. What is the units digit of d?
4
Suppose 11*b = 8*b + 111. What is the units digit of b?
7
Suppose -6 = -2*h + 2. What is the units digit of -2 - -7 - h/2?
3
What is the units digit of -7 - -6 - (-106)/2?
2
Let i(m) = -m**2 + 2. Let l be i(0). Suppose -4*f + 85 = o, f + l*o = 2*f - 10. What is the units digit of f?
0
Suppose q + 4*l = 6, 0*q - 5*q = -4*l - 6. Let u = -12 + 41. Suppose 3*f - 4*b = b + u, 5*f - q*b = 42. What is the units digit of f?
8
Let r(j) = -35*j + 11. What is the tens digit of r(-2)?
8
Let k(h) = -h + 7. Let v be k(5). Suppose 0 = v*o - 3*o + 8. What is the units digit of o?
8
Let y(h) = 3*h**3 - 2*h**2 - 4*h - 3. Let t(p) = -7*p**3 + 4*p**2 + 9*p + 7. Let a(j) = -2*t(j) - 5*y(j). What is the units digit of a(-1)?
2
What is the tens digit of (9/(-9))/(95/(-94) + 1)?
9
Suppose 4 = 4*j - 2*j, 0 = -q + 3*j + 4. Suppose 3*t - u - 24 = 0, -4*t + 22 = -4*u - q. What is the units digit of t?
8
What is the units digit of 0/2 + 1 + 102?
3
Let n = 9 + -1. Suppose 2*z = 3*z. Suppose v + 3*v - n = z. What is the units digit of v?
2
Let j = -1 - -10. What is the units digit of j?
9
Let l = -4 + 10. What is the units digit of l?
6
Suppose -4*n = 5*h - 539, 4*n + 2*h - 3*h = 569. What is the hundreds digit of n?
1
Let w(t) = t**3 - 9*t**2 + 4*t - 3. Let a be w(8). Let r = a + 74. What is the tens digit of (2/(-3))/((-2)/r)?
1
Let j(h) = h - 1. Let s(m) = -m**3 + 7*m**2 - 3*m + 7. Let q(n) = j(n) - s(n). What is the tens digit of q(7)?
2
Let m be (7 - 5)/(1 - -1). Let d(i) = 3*i + 12*i**2 + 0 + 1 + 0*i - 4*i. What is the tens digit of d(m)?
1
Let y(h) = h**2 - 4*h + 3. Let r be y(5). Let t(w) = w**3 - 7*w**2 - 9*w + 6. Let b be t(r). Let c = b + 3. What is the units digit of c?
1
Let y(m) = m**2 + 7*m - 5. Let c be y(-8). Suppose c*v - 2*v = 4. Let w = v + 2. What is the units digit of w?
6
Suppose 5*n = 2*n + 9. Suppose 38 = 2*h - 4*c, -h + n*c = -c - 27. What is the tens digit of h?
1
Suppose -119 = -4*j - 67. What is the units digit of j?
3
Suppose 0 = -3*n - n - 4*j + 144, -5*n - j = -176. What is the tens digit of n?
3
Suppose -3*d = 6, -212 = -2*k - 6*d + 3*d. What is the hundreds digit of k?
1
Let b be ((-18)/30)/(2/(-10)). Suppose -13 + 37 = b*q. What is the units digit of q?
8
Let m(r) = 2*r**2 + r + 3. What is the units digit of m(-5)?
8
Let c(v) = 2*v**3 - 3*v**2 - v - 1. What is the units digit of c(3)?
3
Let l be ((-9)/6)/(2/4). What is the units digit of ((-9)/(-15))/(l/(-75))?
5
Suppose 25 = -6*w + w. Suppose 4*y - 18 = -2*x, 3*y + 5*x - 9 = 15. Let t = y - w. What is the units digit of t?
8
Suppose 0 = -v - 3*l - 1, 0*v + 1 = 2*v + 3*l. Let w = v - 2. Suppose w = 2*n - 6*n + 16. What is the units digit of n?
4
Suppose 5*j + u = 5*u + 12, 0 = -2*j - u - 3. Suppose -1 = -r - j. What is the units digit of (12 - r) + -1 + -2?
8
Let s(u) = u**3 + 4*u**2 + u - 4. Let d(h) = h**2 - 9*h - 4. Let y be d(9). Let b be s(y). Let g = b - -14. What is the units digit of g?
6
Suppose 4*g + 36 = -2*l, 4*l + 8*g - 3*g = -69. Let v(t) = -t**3 + 17*t**2 + 15*t + 19. Let u be v(18). Let q = l - u. What is the units digit of q?
9
Suppose 0 = -2*s - 5*h + 33, s = -0*s + 3*h. What is the units digit of s?
9
Suppose 31 = 2*o - 2*z + 7*z, -2*o + 5*z - 19 = 0. Suppose -o*m = -6*m + 42. What is the units digit of 108/m + 6/21?
8
Suppose -4*b + 3*b = -4*l + 17, 3*b - 2*l = -1. Suppose b*m + 48 = -m. What is the units digit of 1*(m/(-3) + 0)?
4
Suppose 2*m = -2*r + 608, -5*r - 25 = -0. What is the hundreds digit of m?
3
What is the units digit of 0 - (0 + 1 + -3)?
2
What is the units digit of -6*76/(-16)*2?
7
Let j(c) = -c**3 + 3*c**2 + 5*c. What is the units digit of j(4)?
4
Suppose -s + 5 = -4*j, 7*s - 25 = -2*j + 2*s. Let t = -12 - -18. Suppose b + j*b = t. What is the units digit of b?
6
What is the units digit of -1 - 3 - -3 - -36?
5
What is the tens digit of 24/156 + 3896/26?
5
Suppose -8*f + 304 - 48 = 0. What is the tens digit of f?
3
Let u = 15 - -15. What is the units digit of 48/(-10)*u/(-9)?
6
Let k = -13 + 11. What is the tens digit of (20*k)/(6/(-3))?
2
Let i(c) = -c**3 + 3*c + 2. Let w be i(-3). Suppose 21*v - 17*v - 28 = 0. Let j = w - v. What is the tens digit of j?
1
Suppose 0 = 4*t + 1 - 33. Suppose -6*z - 24 = -4*z. Let k = t - z. What is the units digit of k?
0
Let t(c) = c**3 + 9*c**2 + 5*c - 13. What is the units digit of t(-8)?
1
Suppose 0 = o - 5*j + 10 + 10, 3*o - 3*j = 0. Suppose 0*w - 5*f = -w + 24, o*w - f = 96. Let g = -10 + w. What is the units digit of g?
9
Let s be 12/15*(-285)/(-6). Let m = 55 - s. Suppose -5*z + 2*c = -m, -5*z + 8*c = 3*c - 20. What is the units digit of z?
3
Let m(l) = -l**2 + 4*l - 1. Let y be m(3). Let s(a) = a**3 + a**2 - 4*a + 3. What is the units digit of s(y)?
7
Let a(x) = -x**2 - 21*x - 6. Let o(p) = p**2 + 20*p + 6. Let d(b) = -4*a(b) - 5*o(b). What is the tens digit of d(-14)?
2
Let w = 11 - -29. What is the tens digit of w?
4
What is the tens digit of (61/(-3))/(3/(-9))?
6
Let l(c) = -c**3 + 7*c**2 + 4*c - 4. Let d 